t u = -25 - -23. Let l = 12 + u. Suppose -11*k = -l*k - 59. List the prime factors of k.
59
Let a(w) = -w**3 + w**2 + 18. Let m(o) = o**3 + 6*o**2 - 7*o + 1. Let k be m(-7). Let z be 0*k/(1 + -3). What are the prime factors of a(z)?
2, 3
Let v be ((2 - -1)*(-4)/(-6))/(6 + -5). Let r(i) = 8*i + 2. Let p be r(3). Suppose -v*u = -4*x - p, 5 = u - x - 11. What are the prime factors of u?
19
Let q(u) = 17*u - 8. Let i be q(2). Suppose -31*s + i*s = 1705. Let r = -189 - s. List the prime factors of r.
2, 19
Let o(d) = 2*d**2 - 21*d + 60. Suppose -b + j = -21, 5*b = -0*j - 5*j + 75. List the prime factors of o(b).
2, 3, 5, 11
Let q(l) = 8*l**2 + 2*l - 3. Let m(z) = 33*z**2 + 8*z - 12. Let f(s) = 2*m(s) - 9*q(s). Let x be f(1). List the prime factors of (-1)/x + (-5072)/(-40).
127
Let z(d) = -4584*d + 1901. What are the prime factors of z(-7)?
41, 829
Let w(g) = -g**3 + 9*g**2 - 6*g + 10. Let h(m) = -m**3 - 6*m**2 + 16*m + 6. Let l be h(-8). Suppose 2*u + 17 = d, l*u = u - 25. List the prime factors of w(d).
2, 3, 11
Let p = 935 + -650. List the prime factors of p + 1 - (3 + (-32)/8).
7, 41
Let m(h) = 102*h**2 - 3*h + 2. Suppose -7*f - 2 + 9 = 0. Let z be m(f). Suppose 3*g = -2*o + z, 0*o = -3*o - 6. What are the prime factors of g?
5, 7
Suppose -169 = -2*c + 15*c. Let d(o) = -o**3 - 10*o**2 + 14*o - 5. Let g be d(c). Let x = g + -185. List the prime factors of x.
3, 5
List the prime factors of (-6)/(-63) - 67179170/(-1302).
3, 7, 13
Suppose -54274 = 36*j - 360058. List the prime factors of j.
2, 31, 137
Let d be 330/11*(-1)/(-2 + 3). Let v be (21/(-15) - -1) + (-222)/d. Let t(y) = 16*y - 12. What are the prime factors of t(v)?
2, 5
Suppose 5*h + 132 + 66 = 2*f, 495 = 5*f + 4*h. Let m = 205 - f. Suppose l - i = 114, m = l + i - 10. List the prime factors of l.
5, 23
Let w(l) = 22*l - 88. Let z be w(4). Suppose z*i + 3*i = -2*v + 1668, 4*v - 566 = -i. What are the prime factors of i?
2, 277
Suppose 361*q + 136966 = 1369781. What are the prime factors of q?
5, 683
Let p = 294 - 282. Let m = 298 + -154. Suppose -p*k = -14*k + m. What are the prime factors of k?
2, 3
Let z = 13697 - 7964. Suppose 0 = 9*x - 16*x + z. List the prime factors of x.
3, 7, 13
Suppose 11 = 5*i - 44. Let h(c) be the first derivative of 7*c**2/2 - c - 1120. List the prime factors of h(i).
2, 19
Let r(v) = 513*v - 7. Let c be (-2)/(-4*1/(-2)). Let h be r(c). Let n = 812 + h. List the prime factors of n.
2, 73
Let z be 148/16 + (-20)/16 + 1. Suppose -z = 5*n + 76. List the prime factors of (4 + -3)/((-1)/n).
17
Let c(k) = -k**2 + 483. Suppose 0 = 18*r + 21*r. What are the prime factors of c(r)?
3, 7, 23
Let w(t) be the third derivative of -13*t**4/4 - t**3/6 + 4*t**2 + 10. List the prime factors of w(-6).
467
Suppose 7*v = 8*v - 80. Suppose 4*l = 5*k - 420, -3*k + 5*l + 105 = -2*k. Suppose 0*c + c = d - v, -2*c = d - k. What are the prime factors of d?
2, 5
Let o be (4/10)/((-2)/(-180)). Suppose 0*q = -3*q - o. List the prime factors of 25/(-15)*(q/(-1))/(-1).
2, 5
Let f = 29465 - 24964. List the prime factors of f.
7, 643
Let r be 2*43*(63/18)/(-7). What are the prime factors of r/258 + 1285/6?
2, 107
Suppose -9698 = -3*o + 8773. What are the prime factors of o?
47, 131
Suppose 4*d + 4*a - 96 = 0, 4*d - 18 = 2*d + 4*a. Suppose -v + 4*y = 6, 5*v = y + d + 8. Suppose v*b - 2*b = 156. List the prime factors of b.
3, 13
Suppose -1615*q + 126856 = -1610*q + 4*c, 0 = -5*q - 5*c + 126850. What are the prime factors of q?
2, 13, 61
Let f be (-20)/((-3)/(3 + -6)). Let y(o) be the third derivative of o**6/120 + 19*o**5/60 - o**4 - 19*o**3/6 - 42*o**2. What are the prime factors of y(f)?
61
Let h be 36/24*(1/(-1) - -3). List the prime factors of (1 - (h - 1)) + -2 - -438.
3, 5, 29
Suppose -5*b + 2*b + 268 = -z, 2*b = -2*z + 176. Let w = 287 - b. What are the prime factors of w?
2, 3, 11
Let j(g) = 2*g**2 - 14*g - 17. Suppose -3*o - 32 = 4. List the prime factors of j(o).
439
Let c be (-2)/4 + (132/8 - 4). Let v be -1*-1*9/c*4. Suppose -2*m + 260 = z, -3*m + v*z + 137 = -2*m. What are the prime factors of m?
131
Let r(s) = -s**3 - 4*s**2 + 78*s + 249. List the prime factors of r(-24).
3, 3299
Suppose 3*q - 118 = -2*w + 155, -4*q = -12. Suppose -135*y = -w*y - 855. What are the prime factors of y?
3, 5, 19
Let i(o) = -577*o + 1962. What are the prime factors of i(-19)?
5, 11, 47
Suppose 3*j + 2196 = -14949. What are the prime factors of (-2)/14 - j/21?
2, 17
Let z be (-5 + 0/(-4))*(-2)/2. Let b(d) = -3*d**2 - 5*d - 12. Let g be b(z). Let l = g + 248. List the prime factors of l.
2, 17
Suppose -12*b + 100 = 8*b. Suppose -4*x - x - b*f = -790, 474 = 3*x + 4*f. What are the prime factors of x?
2, 79
Let l = -36796 - -68061. What are the prime factors of l?
5, 13, 37
List the prime factors of (1 - (-2 - 0)) + (-265524)/(-42) + 36.
6361
Suppose 4*m + 1233 - 498 = 5*q, q + 5*m - 147 = 0. Suppose q - 969 = -p. What are the prime factors of p?
2, 3, 137
Let i(c) = -c**2 - 19*c + 51. Let x be i(-21). Suppose 5*l + 21 = -x. Let z(v) = -v**3 - 6*v**2 - 3*v - 9. What are the prime factors of z(l)?
3
Let w(s) = -8*s - 37. Let b be w(-5). Suppose 0*f + 3*f - 1209 = 5*g, 0 = b*f + 5*g - 1179. List the prime factors of f.
2, 199
Let x = -7 + -4. Let q = x + 16. Suppose -10*a + 590 = -q*a. List the prime factors of a.
2, 59
List the prime factors of (-6 + (9 - 4))/((-10)/122410).
12241
Let o(k) = k**3 + 19*k**2 + 41*k + 23. Let n be o(-16). What are the prime factors of (5 + (-282)/15)/((-3)/n)?
3, 23
Suppose -382*j + 85410 + 66843 = -373*j. List the prime factors of j.
3, 5639
Suppose 5*u = -h - 18 + 3, -4*u - 11 = h. List the prime factors of h - 192/42 - (-4820)/7.
13, 53
Let v be (-36)/(-15)*((-222)/(-9) + 2). Suppose -11*t + 15*t + v = 0. What are the prime factors of (t/(-6))/(11/627)?
2, 19
Suppose -h - 12 = 2*h. Let j be ((-1)/2)/(h/32). Suppose 0 = j*a - 5*z - 291, -69 = -a + 3*z + 2*z. List the prime factors of a.
2, 37
Suppose 3*y + 12 = -y. Let s be (y/9)/(1/6). What are the prime factors of ((-12)/16)/(s/272*2)?
3, 17
Suppose -69 = 3*x + 69. Let y = x + 46. Suppose -4*v - 3*z + 926 = -y*z, 4*v - 934 = z. What are the prime factors of v?
233
Suppose 3*a - 179 = -c - 510, -4*a + c - 453 = 0. Suppose -5*o = 105 + 195. Let g = o - a. What are the prime factors of g?
2, 13
Suppose 173*y = 166*y + 46116. Suppose -20*f = -32*f + y. List the prime factors of f.
3, 61
What are the prime factors of (-64)/(-112) + (-76)/(-14) + (0 - -12101)?
12107
Let k be (112/(-12))/(-1)*3. Suppose 4*y - 2*z + 64 = 0, -2*y - 4*z + 7*z - k = 0. What are the prime factors of (520/(-20))/(2/y)?
13, 17
Let b be (-3)/(-8) - (-56641)/104. Let u = 1475 - b. List the prime factors of u.
2, 3, 5, 31
Let a = 5402 + 15451. What are the prime factors of a?
3, 7, 331
Suppose 0 = -3*p + 4*a - 11, -p - 6*a + 1 = -5*a. What are the prime factors of (p - -3)*(-7045)/(-10)?
1409
Let d(h) = 5*h**2 + 94*h - 16. Let k be d(-19). Suppose 5*j + 501 = 2*r + 3566, -1835 = -k*j + 2*r. List the prime factors of j.
3, 5, 41
What are the prime factors of ((-350)/(-147))/(-25) - (-131613)/63?
2089
Suppose -17*v = -27*v + 180. List the prime factors of 1/(v/1233)*8.
2, 137
Let z be (2 - 0)/((-2)/(-40)). Let o = -24 + z. Let m = 49 + o. List the prime factors of m.
5, 13
Let a = -62 - -66. Suppose -2*c + 2160 = a*c. List the prime factors of c.
2, 3, 5
Let z be (1/(-2))/(-4 + (-333)/(-84)). Suppose 0 = -10*f + z*f - 416. Suppose f = 2*v + 26. What are the prime factors of v?
3, 13
Suppose 4*p - 8*p - j = -1944, -1457 = -3*p - j. Suppose -5*r + p = -923. List the prime factors of r.
2, 3, 47
Let a be 5 - 25 - 16/(-2). What are the prime factors of 1229*1 - a/(-12)?
2, 307
Suppose 81 = 5*x - 14. Suppose -x*n + 14*n = -25. Suppose -n*b + 184 = -b. List the prime factors of b.
2, 23
Let z be 2*(0 + 3/(-1))*1. What are the prime factors of ((-388)/6 + -1)*z?
2, 197
Suppose -5 = -3*s + 5*b - 0, 4*s - 18 = b. Suppose -5*j = -s*x - 3945, 3*j = j - x + 1569. What are the prime factors of j?
2, 3, 131
Let a be (-4206)/12 + -5 - 6/(-4). Let c = a + 484. List the prime factors of c.
2, 5, 13
Let c = 455 + -449. Let u(g) = -g**3 + 7*g**2 + 3*g + 15. What are the prime factors of u(c)?
3, 23
Let c be (78/26)/(3/7). Suppose -c*n + 13798 = 3452. List the prime facto